{"id":1398,"date":"2020-05-02T10:57:02","date_gmt":"2020-05-02T10:57:02","guid":{"rendered":"https:\/\/eg-kehlhof.ch\/wp2020\/?page_id=1398"},"modified":"2024-05-21T15:00:26","modified_gmt":"2024-05-21T14:00:26","slug":"seelsorge","status":"publish","type":"page","link":"https:\/\/eg-kehlhof.ch\/wp2020\/seelsorge\/","title":{"rendered":"Seelsorge, Beratung und Coaching"},"content":{"rendered":"<div  data-label=\"Content\" data-id=\"content--1\" data-export-id=\"content-12\" data-category=\"content\" class=\"content-12 content-section content-section-spacing\" id=\"content-1\" style=\"background-color: rgb(255, 255, 255);\"><div  class=\"gridContainer\"> <div  class=\"row text-center\"><div  class=\"section-title-col\" data-type=\"column\">  <h2  class=\"\" style=\"text-align: left;\">Seelsorge, Beratung und Coaching<\/h2><p  class=\"\" style=\"text-align: left;\" data-mentor-active-element-id=\"d9641dd5-3e99-4863-bc83-98a6951fd7e3\">\n<br >F\u00fcr Begleitungen und Beratungen stehen unsere Pfarrer und ein <a data-mce-href=\"https:\/\/allianz-sulgen.ch\/seelsorge-netzwerk\/\" href=\"https:\/\/allianz-sulgen.ch\/seelsorge-netzwerk\" target=\"_blank\" rel=\"noopener noreferrer\" data-mce-selected=\"inline-boundary\" data-cp-link=\"1\" class=\"\">Netzwerk an Seelsorger\/innen aus den Allianz-Gemeinden<\/a> zur Verf\u00fcgung, welche Unterst\u00fctzung, Rat und Hilfe bieten. Z.B. bei Konflikten, Krisen, Aufarbeitung von Lebensgeschichten, Pers\u00f6nlichkeitsentwicklungen, Beziehungsthemen (Partnerschaft, Ehe und Familie), Glaubens- und Lebensfragen oder anderweitigen Herausforderungen.<\/p><p  class=\"\" style=\"text-align: left;\">\n<br >Die Begleitungen und Beratungen stehen allen Ratsuchenden offen, unabh\u00e4ngig deren Herkunft und Weltanschauung. Ein 1. Gespr\u00e4ch ist kostenlos, worin das weitere Vorgehen miteinander besprochen wird.<\/p><p  class=\"\" style=\"text-align: left;\">\n<br >Die Seelsorger\/innen stehen unter Schweigepflicht (Anliegen werden vertraulich behandelt), bilden sich regelm\u00e4ssig im Bereich der \u00abSeelsorge\u00bb weiter und bekennen sich zu den Werten des christlichen Glaubens.\n<\/p><p  class=\"\" style=\"text-align: left;\" data-mentor-active-element-id=\"87cd069c-cde8-4075-86f7-462de2f5e248\"><span  style=\"font-weight: 600;\">Schwerpunkte unseres Pfarrers im Bereich Seelsorge<\/span><br >Stephan Reutimann (1967), Master in Theology, verheiratet, 4 erw. Kinder:<br >Begleitung, Beratung \/ Managementstudium (AcF) \/ zertifizierter Trainer f\u00fcr persolog Pers\u00f6nlichkeits-Modell, Teamentwicklung und Resilienz-Modell \/ zertifizierter Vorehe- und Eheberater (Prepare Enrich &amp; twogether Mentor) \/ zertifizierter Mediator \/ Erwachsene, Ehepaare, Senioren, Glaubensfragen \/ Krisen- und Konfliktmanagement \/ Armeeseelsorger (Hptm Asg)&nbsp;<br >E-Mail:&nbsp; <a data-mce-href=\"mailto:stephan.reutimann@eg-kehlhof.ch\" href=\"mailto:stephan.reutimann@eg-kehlhof.ch\" target=\"_self\" data-mce-selected=\"inline-boundary\" data-cp-link=\"1\" rel=\"noopener noreferrer\">Stephan Reutimann<\/a><br >\n<\/p><\/div> <\/div> <div  class=\"row center-xs middle-xs\"> <div  class=\"col-sm-9\" data-type=\"column\"> <\/div> <\/div><\/div> <\/div><div  data-label=\"Features\" data-id=\"features--2\" data-export-id=\"features-13-card-bordered\" data-category=\"features\" class=\"features-13 content-section content-section-spacing\" id=\"features-2\" style=\"background-color: rgb(255, 255, 255);\"><div  class=\"gridContainer\">  <div  class=\"row spaced-cols content-center-sm\" data-type=\"row\">  <div  class=\"col-sm-4\"> <div  class=\"card bordered y-move\" data-type=\"column\"> <a data-cp-link=\"1\" href=\"https:\/\/eg-kehlhof.ch\/wp2020\/wp-content\/uploads\/2020\/05\/Seelsorge-Allianz.pdf\" class=\"\" target=\"_self\" rel=\"noopener noreferrer\"><i  class=\"fa icon fa-codepen reverse round big color1\"><\/i><\/a>   <h3  class=\"\"><a data-mce-href=\"..\/wp-content\/uploads\/2020\/05\/Seelsorge-Allianz.pdf\" href=\"..\/wp-content\/uploads\/2020\/05\/Seelsorge-Allianz.pdf\" target=\"_blank\" rel=\"noopener noreferrer\" data-mce-selected=\"inline-boundary\" data-cp-link=\"1\" class=\"\">Seelsorge Allianz<\/a><\/h3><\/div> <\/div> <\/div> <\/div><\/div>","protected":false},"excerpt":{"rendered":"<p>Seelsorge, Beratung und Coaching F\u00fcr Begleitungen und Beratungen stehen unsere Pfarrer und ein Netzwerk an Seelsorger\/innen aus den Allianz-Gemeinden zur Verf\u00fcgung, welche Unterst\u00fctzung, Rat und Hilfe bieten. Z.B. bei Konflikten, Krisen, Aufarbeitung von Lebensgeschichten, Pers\u00f6nlichkeitsentwicklungen, Beziehungsthemen (Partnerschaft, Ehe und Familie), Glaubens- und Lebensfragen oder anderweitigen Herausforderungen. Die Begleitungen und Beratungen stehen allen Ratsuchenden offen, unabh\u00e4ngig&hellip; <br \/> <a class=\"read-more\" href=\"https:\/\/eg-kehlhof.ch\/wp2020\/seelsorge\/\">Read more<\/a><\/p>\n","protected":false},"author":2,"featured_media":0,"parent":0,"menu_order":0,"comment_status":"closed","ping_status":"closed","template":"pro\/page-templates\/full-width-page.php","meta":{"footnotes":""},"class_list":["post-1398","page","type-page","status-publish","hentry"],"_links":{"self":[{"href":"https:\/\/eg-kehlhof.ch\/wp2020\/wp-json\/wp\/v2\/pages\/1398","targetHints":{"allow":["GET"]}}],"collection":[{"href":"https:\/\/eg-kehlhof.ch\/wp2020\/wp-json\/wp\/v2\/pages"}],"about":[{"href":"https:\/\/eg-kehlhof.ch\/wp2020\/wp-json\/wp\/v2\/types\/page"}],"author":[{"embeddable":true,"href":"https:\/\/eg-kehlhof.ch\/wp2020\/wp-json\/wp\/v2\/users\/2"}],"replies":[{"embeddable":true,"href":"https:\/\/eg-kehlhof.ch\/wp2020\/wp-json\/wp\/v2\/comments?post=1398"}],"version-history":[{"count":26,"href":"https:\/\/eg-kehlhof.ch\/wp2020\/wp-json\/wp\/v2\/pages\/1398\/revisions"}],"predecessor-version":[{"id":6481,"href":"https:\/\/eg-kehlhof.ch\/wp2020\/wp-json\/wp\/v2\/pages\/1398\/revisions\/6481"}],"wp:attachment":[{"href":"https:\/\/eg-kehlhof.ch\/wp2020\/wp-json\/wp\/v2\/media?parent=1398"}],"curies":[{"name":"wp","href":"https:\/\/api.w.org\/{rel}","templated":true}]}}