{"id":229,"date":"2020-01-14T18:16:35","date_gmt":"2020-01-14T18:16:35","guid":{"rendered":"https:\/\/eg-kehlhof.ch\/wp2020\/?page_id=229"},"modified":"2026-01-21T12:27:47","modified_gmt":"2026-01-21T11:27:47","slug":"ameisli","status":"publish","type":"page","link":"https:\/\/eg-kehlhof.ch\/wp2020\/ameisli\/","title":{"rendered":"Ameisli"},"content":{"rendered":"<div  class=\"content-12 content-section content-section-spacing\" id=\"content-1\" style=\"background-color: rgb(255, 255, 255);\" data-id=\"content--1\" data-label=\"Content\" data-category=\"content\" data-export-id=\"content-12\"><div  class=\"gridContainer\"> <div  class=\"row text-center\"><div  class=\"section-title-col\" data-type=\"column\">  <\/div> <\/div> <div  class=\"row center-xs middle-xs\"> <div  class=\"col-sm-9\" data-type=\"column\"> <h2  style=\"text-align: left;\" class=\"\">Ameisli<\/h2><p  style=\"text-align: left;\" class=\"\">Zur Zeit sind wir zusammen mit der Jungschi die sogenante AMSCHI <img  decoding=\"async\" class=\"emoji\" role=\"img\" draggable=\"false\" alt=\"\ud83d\ude0a\" src=\"https:\/\/s.w.org\/images\/core\/emoji\/12.0.0-1\/svg\/1f60a.svg\">\n<\/p><p  style=\"text-align: left;\" class=\"\"><img  decoding=\"async\" title=\"cropped-Ameisli-Logo.gif\" class=\"shadow-large\" alt=\"\" src=\"https:\/\/eg-kehlhof.ch\/wp2020\/wp-content\/uploads\/2020\/02\/cropped-Ameisli-Logo.gif\"><\/p><h2  style=\"text-align: left;\" class=\"\">\n<br >Zielgruppe<\/h2><p  style=\"text-align: left;\" class=\"\">Kids im Alter vom ersten Kindergarten bis zur zweiten Klasse.<\/p><h2  style=\"text-align: left;\" class=\"\">Wir treffen uns<\/h2><p  style=\"text-align: left;\" class=\"\">jeden 2. Samstag von 14.00 \u2013 17.00 Uhr bei der Evangelische Gemeinde Kehlhof (EGK), Kapellenweg 5, 8572 Berg<br >\nDie aktuellen Daten finden sich unter Agenda<\/p><a class=\"button color1\" href=\"https:\/\/eg-kehlhof.ch\/wp2020\/wp-content\/uploads\/2025\/02\/Flyer-SOS-Q.pdf\" target=\"_blank\" data-cp-link=\"1\" data-icon=\"\" rel=\"noopener\">Aktuelles Programm<\/a><h2  style=\"text-align: left;\" class=\"\">Inhalt<\/h2><p  style=\"text-align: left;\" class=\"\">In der Gruppe spielen wir zusammen und fordern uns konstruktiv in diversen Bereichen gegenseitig heraus. Wir m\u00f6chten Kreativit\u00e4t f\u00f6rdern, Begabungen entdecken, Natur erleben, Bewegung geniessen, Freundschaften bilden und vertiefen, Zvieri essen, sein wie man ist, den Bauch halten vor Lachen, Gott loben, in der Bibel forschen und mehr \u00fcber Jesus und seinen Plan f\u00fcr jeden von uns kennen lernen.\n<\/p><h2  style=\"text-align: left;\" class=\"\">Kontakt \/ Hauptverantwortung<\/h2><p  style=\"text-align: left;\" class=\"\">Michelle Tuchschmid, 079 746 35 26,&nbsp;michelle.zurbuchen1@gmail.com<a data-mce-href=\"mailto:martinammann@gmx.ch\" href=\"mailto:martinammann@gmx.ch\" target=\"_self\" data-mce-selected=\"inline-boundary\" data-cp-link=\"1\" rel=\"noopener noreferrer\"><\/a><\/p><a data-cp-link=\"1\" href=\"#\"  class=\"\"><img  decoding=\"async\" class=\"custom-image\" src=\"https:\/\/eg-kehlhof.ch\/wp2020\/wp-content\/uploads\/2026\/01\/cropped-Ameisli.png\" title=\"cropped-Musical-JAKOB-Amschi-22.png\" alt=\"\"><\/a><img decoding=\"async\"  class=\"custom-image\" src=\"#\"><img decoding=\"async\"  class=\"custom-image\" src=\"https:\/\/eg-kehlhof.ch\/wp2020\/wp-content\/uploads\/2026\/01\/Ameisliprogramm.png\" title=\"Ameisliprogramm\" alt=\"\"><\/div> <\/div><\/div> <\/div>","protected":false},"excerpt":{"rendered":"<p>AmeisliZur Zeit sind wir zusammen mit der Jungschi die sogenante AMSCHI ZielgruppeKids im Alter vom ersten Kindergarten bis zur zweiten Klasse.Wir treffen unsjeden 2. Samstag von 14.00 \u2013 17.00 Uhr bei der Evangelische Gemeinde Kehlhof (EGK), Kapellenweg 5, 8572 Berg Die aktuellen Daten finden sich unter AgendaAktuelles ProgrammInhaltIn der Gruppe spielen wir zusammen und fordern&hellip; <br \/> <a class=\"read-more\" href=\"https:\/\/eg-kehlhof.ch\/wp2020\/ameisli\/\">Read more<\/a><\/p>\n","protected":false},"author":2,"featured_media":0,"parent":0,"menu_order":0,"comment_status":"closed","ping_status":"closed","template":"pro\/page-templates\/full-width-page.php","meta":{"footnotes":""},"class_list":["post-229","page","type-page","status-publish","hentry"],"_links":{"self":[{"href":"https:\/\/eg-kehlhof.ch\/wp2020\/wp-json\/wp\/v2\/pages\/229","targetHints":{"allow":["GET"]}}],"collection":[{"href":"https:\/\/eg-kehlhof.ch\/wp2020\/wp-json\/wp\/v2\/pages"}],"about":[{"href":"https:\/\/eg-kehlhof.ch\/wp2020\/wp-json\/wp\/v2\/types\/page"}],"author":[{"embeddable":true,"href":"https:\/\/eg-kehlhof.ch\/wp2020\/wp-json\/wp\/v2\/users\/2"}],"replies":[{"embeddable":true,"href":"https:\/\/eg-kehlhof.ch\/wp2020\/wp-json\/wp\/v2\/comments?post=229"}],"version-history":[{"count":47,"href":"https:\/\/eg-kehlhof.ch\/wp2020\/wp-json\/wp\/v2\/pages\/229\/revisions"}],"predecessor-version":[{"id":7842,"href":"https:\/\/eg-kehlhof.ch\/wp2020\/wp-json\/wp\/v2\/pages\/229\/revisions\/7842"}],"wp:attachment":[{"href":"https:\/\/eg-kehlhof.ch\/wp2020\/wp-json\/wp\/v2\/media?parent=229"}],"curies":[{"name":"wp","href":"https:\/\/api.w.org\/{rel}","templated":true}]}}