{"id":6,"date":"2020-01-07T21:49:25","date_gmt":"2020-01-07T21:49:25","guid":{"rendered":"https:\/\/eg-kehlhof.ch\/wp2020\/mesmerize-pro\/"},"modified":"2026-04-28T06:49:41","modified_gmt":"2026-04-28T05:49:41","slug":"mesmerize-pro","status":"publish","type":"page","link":"https:\/\/eg-kehlhof.ch\/wp2020\/","title":{"rendered":"Front Page"},"content":{"rendered":"<div  class=\"about-1 content-section\" id=\"about-1\" style=\"background-color: #f5fafd;\" data-id=\"about-1\" data-export-id=\"about-1\" data-category=\"about\" data-label=\"About\"><div  class=\"gridContainer\"> <div  class=\"row text-center\"><div  class=\"section-title-col\" data-type=\"column\">  <h2  class=\"\">Willkommen<\/h2> <p  class=\"lead\" style=\"text-align: center;\" data-keeper-edited=\"yes\" data-mentor-active-element-id=\"3e9509f6-3bb7-4a5b-b5b5-42503523d28c\">\u00abChile f\u00fcr L\u00fc\u00fct vo h\u00fct\u00bb \u2013 dies ist unsere Leidenschaft. Wir sind eine Mehrgenerationenkirche, die nah am Menschen das Evangelium gesellschaftsrelevant weitergibt. Bei uns ist jeder willkommen, egal ob jung, alt, religi\u00f6s oder eher s\u00e4kular orientiert. Unsere Veranstaltungen sind bewusst zeitgem\u00e4ss gestaltet: Zeitgem\u00e4sse Musik, verst\u00e4ndliche Sprache, aktuelle Themen und alltagsrelevant wollen wir unser Gemeindeleben gestalten.<br >\nUnsere Anl\u00e4sse stehen allen Interessierten offen. Wir freuen uns auf dich!<\/p><img  decoding=\"async\" class=\"custom-image\" src=\"https:\/\/eg-kehlhof.ch\/wp2020\/wp-content\/uploads\/2026\/04\/001-2026-04-26-Intro-PP.jpg\" data-mentor-active-element-id=\"1971e8d7-f6a8-44c7-adbc-6df158840580\" title=\"001 2026-04-26 Intro PP\" alt=\"\"><a  data-cp-link=\"1\" href=\"https:\/\/eg-kehlhof.ch\/wp2020\/wp-content\/uploads\/2026\/04\/2026-05-31-Was-gibt-meinem-Leben-Sinn.pdf\" class=\"\" target=\"_blank\"><img decoding=\"async\"  class=\"custom-image\" src=\"https:\/\/eg-kehlhof.ch\/wp2020\/wp-content\/uploads\/2026\/04\/2026-05-31-Was-gibt-meinem-Leben-Sinn-1.jpeg\" data-mentor-active-element-id=\"fa7b0b1c-2117-4e2e-b24a-b639d2bb5591\" title=\"2026-05-31 Was gibt meinem Leben Sinn 1\" alt=\"\"><\/a><\/div> <\/div> <div  class=\"row\"> <div  class=\"button-holder space-bottom space-bottom-small\" data-type=\"column\"> <\/div> <div  class=\"col-xs bottom-xs flexbox image-group-bottom-3-img space-bottom-xs center-xs\"> <a  data-cp-link=\"1\" href=\"https:\/\/eg-kehlhof.ch\/wp2020\/wp-content\/uploads\/2025\/12\/2026-02-15-42-Tage-1.pdf\" class=\"left-img-anchor\" target=\"_blank\" rel=\"noopener\"><img  decoding=\"async\" title=\"cropped-cropped-2025-10-22-Flyer_Bonhoeffer-bilder-0.jpg\" class=\"left-img shadow-large-black\" alt=\"\" src=\"https:\/\/eg-kehlhof.ch\/wp2020\/wp-content\/uploads\/2025\/12\/cropped-cropped-2026-02-15-42-Tage-conv-1.jpeg\" data-size=\"500x300\" data-mentor-active-element-id=\"204386b9-f24a-4262-97f0-1234d98227a8\"><\/a> <a  data-cp-link=\"1\" href=\"https:\/\/eg-kehlhof.ch\/wp2020\/share-your-faith\" class=\"center-img-anchor\" target=\"_blank\" rel=\"noopener\"><img  decoding=\"async\" title=\"2023-08-20 Die Psalmen - Grafik PR\" class=\"center-img shadow-large-black\" alt=\"\" src=\"https:\/\/eg-kehlhof.ch\/wp2020\/wp-content\/uploads\/2026\/03\/cropped-2026-05-09-SYF-Kurs-Berg-1-Front-1.jpeg\" data-size=\"500x300\" data-mentor-active-element-id=\"8f0b689e-136e-493e-a1e5-b077d716f621\"><\/a> <a  data-cp-link=\"1\" href=\"https:\/\/eg-kehlhof.ch\/wp2020\/future-makers-erziehungsseminar\" class=\"right-img-anchor\" target=\"_blank\" rel=\"noopener\"><img  decoding=\"async\" title=\"cropped-Agenda-BIld-3.jpg\" class=\"right-img shadow-large-black\" alt=\"\" src=\"https:\/\/eg-kehlhof.ch\/wp2020\/wp-content\/uploads\/2026\/03\/cropped-cropped-2026-06-06-Future-Makers-Seminar-conv-1.jpeg\" data-size=\"500x300\"><\/a><\/div> <\/div><\/div> <\/div>","protected":false},"excerpt":{"rendered":"<p>Willkommen \u00abChile f\u00fcr L\u00fc\u00fct vo h\u00fct\u00bb \u2013 dies ist unsere Leidenschaft. Wir sind eine Mehrgenerationenkirche, die nah am Menschen das Evangelium gesellschaftsrelevant weitergibt. Bei uns ist jeder willkommen, egal ob jung, alt, religi\u00f6s oder eher s\u00e4kular orientiert. Unsere Veranstaltungen sind bewusst zeitgem\u00e4ss gestaltet: Zeitgem\u00e4sse Musik, verst\u00e4ndliche Sprache, aktuelle Themen und alltagsrelevant wollen wir unser Gemeindeleben&hellip; <br \/> <a class=\"read-more\" href=\"https:\/\/eg-kehlhof.ch\/wp2020\/\">Read more<\/a><\/p>\n","protected":false},"author":1,"featured_media":0,"parent":0,"menu_order":0,"comment_status":"closed","ping_status":"closed","template":"page-templates\/homepage.php","meta":{"footnotes":""},"class_list":["post-6","page","type-page","status-publish","hentry"],"_links":{"self":[{"href":"https:\/\/eg-kehlhof.ch\/wp2020\/wp-json\/wp\/v2\/pages\/6","targetHints":{"allow":["GET"]}}],"collection":[{"href":"https:\/\/eg-kehlhof.ch\/wp2020\/wp-json\/wp\/v2\/pages"}],"about":[{"href":"https:\/\/eg-kehlhof.ch\/wp2020\/wp-json\/wp\/v2\/types\/page"}],"author":[{"embeddable":true,"href":"https:\/\/eg-kehlhof.ch\/wp2020\/wp-json\/wp\/v2\/users\/1"}],"replies":[{"embeddable":true,"href":"https:\/\/eg-kehlhof.ch\/wp2020\/wp-json\/wp\/v2\/comments?post=6"}],"version-history":[{"count":600,"href":"https:\/\/eg-kehlhof.ch\/wp2020\/wp-json\/wp\/v2\/pages\/6\/revisions"}],"predecessor-version":[{"id":8099,"href":"https:\/\/eg-kehlhof.ch\/wp2020\/wp-json\/wp\/v2\/pages\/6\/revisions\/8099"}],"wp:attachment":[{"href":"https:\/\/eg-kehlhof.ch\/wp2020\/wp-json\/wp\/v2\/media?parent=6"}],"curies":[{"name":"wp","href":"https:\/\/api.w.org\/{rel}","templated":true}]}}

<div  class="about-1 content-section" id="about-1" style="background-color: #f5fafd;" data-id="about-1" data-export-id="about-1" data-category="about" data-label="About"><div  class="gridContainer"> <div  class="row text-center"><div  class="section-title-col" data-type="column">  <h2  class="">Willkommen</h2> <p  class="lead" style="text-align: center;" data-keeper-edited="yes" data-mentor-active-element-id="3e9509f6-3bb7-4a5b-b5b5-42503523d28c">«Chile für Lüüt vo hüt» – dies ist unsere Leidenschaft. Wir sind eine Mehrgenerationenkirche, die nah am Menschen das Evangelium gesellschaftsrelevant weitergibt. Bei uns ist jeder willkommen, egal ob jung, alt, religiös oder eher säkular orientiert. Unsere Veranstaltungen sind bewusst zeitgemäss gestaltet: Zeitgemässe Musik, verständliche Sprache, aktuelle Themen und alltagsrelevant wollen wir unser Gemeindeleben gestalten.<br >
Unsere Anlässe stehen allen Interessierten offen. Wir freuen uns auf dich!</p><img  decoding="async" class="custom-image" src="https://eg-kehlhof.ch/wp2020/wp-content/uploads/2026/04/001-2026-04-26-Intro-PP.jpg" data-mentor-active-element-id="1971e8d7-f6a8-44c7-adbc-6df158840580" title="001 2026-04-26 Intro PP" alt=""><a  data-cp-link="1" href="https://eg-kehlhof.ch/wp2020/wp-content/uploads/2026/04/2026-05-31-Was-gibt-meinem-Leben-Sinn.pdf" class="" target="_blank"><img decoding="async"  class="custom-image" src="https://eg-kehlhof.ch/wp2020/wp-content/uploads/2026/04/2026-05-31-Was-gibt-meinem-Leben-Sinn-1.jpeg" data-mentor-active-element-id="fa7b0b1c-2117-4e2e-b24a-b639d2bb5591" title="2026-05-31 Was gibt meinem Leben Sinn 1" alt=""></a></div> </div> <div  class="row"> <div  class="button-holder space-bottom space-bottom-small" data-type="column"> </div> <div  class="col-xs bottom-xs flexbox image-group-bottom-3-img space-bottom-xs center-xs"> <a  data-cp-link="1" href="https://eg-kehlhof.ch/wp2020/wp-content/uploads/2025/12/2026-02-15-42-Tage-1.pdf" class="left-img-anchor" target="_blank" rel="noopener"><img  decoding="async" title="cropped-cropped-2025-10-22-Flyer_Bonhoeffer-bilder-0.jpg" class="left-img shadow-large-black" alt="" src="https://eg-kehlhof.ch/wp2020/wp-content/uploads/2025/12/cropped-cropped-2026-02-15-42-Tage-conv-1.jpeg" data-size="500x300" data-mentor-active-element-id="204386b9-f24a-4262-97f0-1234d98227a8"></a> <a  data-cp-link="1" href="https://eg-kehlhof.ch/wp2020/share-your-faith" class="center-img-anchor" target="_blank" rel="noopener"><img  decoding="async" title="2023-08-20 Die Psalmen - Grafik PR" class="center-img shadow-large-black" alt="" src="https://eg-kehlhof.ch/wp2020/wp-content/uploads/2026/03/cropped-2026-05-09-SYF-Kurs-Berg-1-Front-1.jpeg" data-size="500x300" data-mentor-active-element-id="8f0b689e-136e-493e-a1e5-b077d716f621"></a> <a  data-cp-link="1" href="https://eg-kehlhof.ch/wp2020/future-makers-erziehungsseminar" class="right-img-anchor" target="_blank" rel="noopener"><img  decoding="async" title="cropped-Agenda-BIld-3.jpg" class="right-img shadow-large-black" alt="" src="https://eg-kehlhof.ch/wp2020/wp-content/uploads/2026/03/cropped-cropped-2026-06-06-Future-Makers-Seminar-conv-1.jpeg" data-size="500x300"></a></div> </div></div> </div>

<p>Willkommen «Chile für Lüüt vo hüt» – dies ist unsere Leidenschaft. Wir sind eine Mehrgenerationenkirche, die nah am Menschen das Evangelium gesellschaftsrelevant weitergibt. Bei uns ist jeder willkommen, egal ob jung, alt, religiös oder eher säkular orientiert. Unsere Veranstaltungen sind bewusst zeitgemäss gestaltet: Zeitgemässe Musik, verständliche Sprache, aktuelle Themen und alltagsrelevant wollen wir unser Gemeindeleben&hellip; <br /> <a class="read-more" href="https://eg-kehlhof.ch/wp2020/">Read more</a></p>
